{"id":4806,"date":"2025-03-26T18:19:08","date_gmt":"2025-03-26T21:19:08","guid":{"rendered":"https:\/\/khanguru.store\/pneus\/?post_type=product&#038;p=4806"},"modified":"2025-05-17T22:34:01","modified_gmt":"2025-05-18T01:34:01","slug":"pneu-195r-15-c","status":"publish","type":"product","link":"https:\/\/khanguru.store\/pneus\/produto\/pneu-195r-15-c\/","title":{"rendered":"Pneu 195R 15 C"},"content":{"rendered":"<p>Pneus de <strong>lote<\/strong> de 150 pneus | Podem estar na categoria<\/p>\n<p>-Pneus Novos com prazo de validade vencidos | sem garantia<\/p>\n<p>-Pneus Meia Vida Bons | sem garantia<\/p>\n<p><span class=\"sc-dcJsrY jZKEso\" data-testid=\"product-detail-title\">Pneus Goform Aro 15 195R15C G-325 8 Lonas 106\/104R<\/span><\/p>\n<div class=\"sc-iGgWBj jEOEJZ sc-MeVjq husYDx\" data-testid=\"product-detail-description\">\n<div class=\"sc-iGgWBj eWtIHQ sc-jiPWxV dXZeex\" data-testid=\"rich-content-container\">\n<p>O pneu Goform modelo G325, para aplica\u00e7\u00e3o em utilit\u00e1rios, possui desenho de banda de rodagem com tr\u00eas sulcos largos e longitudinais que resultam em estabilidade em pisos secos e molhados, retas e curvas, al\u00e9m de gerar economia de combust\u00edvel, reduzir a in<\/p>\n<p><strong>Classifica\u00e7\u00e3o do produto<\/strong><\/p>\n<p>Fabricante: Goform<\/p>\n<p>Modelo: G-325<\/p>\n<p>Medida: 195\/80R15<\/p>\n<p>Largura: 195mm<\/p>\n<p>Perfil: 80% da largura<\/p>\n<p>Aro: 15 polegadas<\/p>\n<p>\u00cdndice de carga: 106\/104 &#8211; 950\/900kg<\/p>\n<p>\u00cdndice de velocidade: R &#8211; 170km\/h<\/p>\n<p>Lonas: 8<\/p>\n<p>Run Flat: N\u00e3o<\/p>\n<p>Selo Inmetro: Sim<\/p>\n<p>Garantia: 30 dias<\/p>\n<\/div>\n<\/div>\n<p><strong>Por que est\u00e3o baratos esses pneus?<\/strong><\/p>\n<p>S\u00e3o pneus comprados em lote fechado de: empresa falida, despacho de estoque, queima de estoque, promo\u00e7\u00f5es, vitrine, amostra, lotes de lojas e centro automotivo, Arrematados<\/p>\n<p>Por isso \u00e9 muito importante, confirme o estoque e tire suas d\u00favidas, com o comprador antes de comprar.<\/p>\n<p>Confirme <strong>Frete<\/strong>, prazo de entrega, forma de pagamento.<\/p>\n","protected":false},"excerpt":{"rendered":"<ul>\n<li>Pneu Novo<\/li>\n<li>Pneu Goform G325<\/li>\n<\/ul>\n<p>&nbsp;<\/p>\n","protected":false},"featured_media":4807,"comment_status":"open","ping_status":"closed","template":"","meta":[],"product_brand":[],"product_cat":[135,114,96,93,86,84,50],"product_tag":[148,155,150,154,153,151,39,146,40,152,147,145,143,144,149,142,156],"class_list":{"0":"post-4806","1":"product","2":"type-product","3":"status-publish","4":"has-post-thumbnail","6":"product_cat-135","7":"product_cat-195r15","8":"product_cat-goform","9":"product_cat-marcas","10":"product_cat-mtc","11":"product_cat-novos","12":"product_cat-pneus","13":"product_tag-achei-pneus","14":"product_tag-atacadao","15":"product_tag-carrefour-pneus","16":"product_tag-continental","17":"product_tag-fate","18":"product_tag-goodyaer","19":"product_tag-linear-control","20":"product_tag-mercado-livre","21":"product_tag-metal-2","22":"product_tag-pirelli","23":"product_tag-pneus","24":"product_tag-pneus-aro-14","25":"product_tag-pneus-em-promocao","26":"product_tag-pneus-free","27":"product_tag-pneus-r15","28":"product_tag-pneustore","29":"product_tag-rodas","32":"instock","33":"sale","34":"shipping-taxable","35":"purchasable","36":"product-type-simple"},"_links":{"self":[{"href":"https:\/\/khanguru.store\/pneus\/wp-json\/wp\/v2\/product\/4806","targetHints":{"allow":["GET"]}}],"collection":[{"href":"https:\/\/khanguru.store\/pneus\/wp-json\/wp\/v2\/product"}],"about":[{"href":"https:\/\/khanguru.store\/pneus\/wp-json\/wp\/v2\/types\/product"}],"replies":[{"embeddable":true,"href":"https:\/\/khanguru.store\/pneus\/wp-json\/wp\/v2\/comments?post=4806"}],"version-history":[{"count":5,"href":"https:\/\/khanguru.store\/pneus\/wp-json\/wp\/v2\/product\/4806\/revisions"}],"predecessor-version":[{"id":5245,"href":"https:\/\/khanguru.store\/pneus\/wp-json\/wp\/v2\/product\/4806\/revisions\/5245"}],"wp:featuredmedia":[{"embeddable":true,"href":"https:\/\/khanguru.store\/pneus\/wp-json\/wp\/v2\/media\/4807"}],"wp:attachment":[{"href":"https:\/\/khanguru.store\/pneus\/wp-json\/wp\/v2\/media?parent=4806"}],"wp:term":[{"taxonomy":"product_brand","embeddable":true,"href":"https:\/\/khanguru.store\/pneus\/wp-json\/wp\/v2\/product_brand?post=4806"},{"taxonomy":"product_cat","embeddable":true,"href":"https:\/\/khanguru.store\/pneus\/wp-json\/wp\/v2\/product_cat?post=4806"},{"taxonomy":"product_tag","embeddable":true,"href":"https:\/\/khanguru.store\/pneus\/wp-json\/wp\/v2\/product_tag?post=4806"}],"curies":[{"name":"wp","href":"https:\/\/api.w.org\/{rel}","templated":true}]}}